of n and s?
7
Let d be 12/(-8)*2 + (4 - -3). Suppose -4 = -d*b, 41 = o + 2*b + 11. Calculate the highest common divisor of o and 7.
7
Let o = 603 + -236. Let b be ((-58)/4)/((-9)/(-54)). Let v = b + o. What is the greatest common divisor of v and 40?
40
Suppose 0 = -111*d + 1609 + 7715. What is the greatest common factor of 651 and d?
21
Let w be ((-140)/(-24) + -3)/(14/84). What is the highest common divisor of 1037 and w?
17
Let p = 420 - 150. What is the highest common divisor of 54 and p?
54
Let h(m) = m + 5. Let n be h(3). Suppose 5*f + 31 = 3*w, w - 3*f - 1 - n = 0. Calculate the highest common factor of 60 and w.
12
Let y(s) = -2*s**3 + 4*s**2 + 13*s + 9. Let q be y(-5). Let v be ((-32)/(-6) + -4)*q. Calculate the highest common divisor of v and 49.
49
Suppose -149 = -11*w - 39. What is the greatest common factor of 4 and w?
2
Suppose 0*u - 3*u + 5*n = -320, 5*u + n = 524. Let p be (-9)/(-1) + (-6039)/(-99). What is the highest common divisor of p and u?
35
Let t = 84 + -30. Suppose -u + 3*k + 2 = 0, -k + 3*k - 16 = 5*u. Let m be t/u*4/(-3). What is the highest common divisor of 6 and m?
6
Let f(o) = o**3 + 26*o**2 - 2*o + 26. Let n be f(-26). Calculate the greatest common factor of 6 and n.
6
Suppose 0 = 5*t - 38*t + 2013. Calculate the highest common divisor of t and 244.
61
Suppose 2*m - 32 + 644 = 0. Let h = 756 + m. Suppose 5*p + 0*p - h = 0. Calculate the highest common factor of p and 36.
18
Let y(r) = -r**2 + 26*r - 30. Let v be y(21). Let g be (2 - 52)/(1/(-2)). Suppose o - g = -o. What is the highest common factor of v and o?
25
Suppose -2*g = -131 - 189. Calculate the greatest common divisor of 32 and g.
32
Let c(f) = 6*f**2 - 220*f - 51. Let a be c(38). Calculate the greatest common divisor of a and 69.
23
Suppose -5*a = -49 + 4. Suppose -91*k + 94*k = -183. Let x = -58 - k. Calculate the greatest common factor of a and x.
3
Suppose 13*y - 19*y = 30. Let h(z) = -6*z + 8. Let w be h(y). Calculate the highest common divisor of w and 2.
2
Let a(p) = p**3 + 12*p**2 + 7*p + 114. Let j be a(-12). Calculate the highest common factor of 222 and j.
6
Let n = -423 + 451. Calculate the highest common factor of 14 and n.
14
Let v(j) = 13*j**2 + j - 2. Let r be v(-2). Let y = 6089 - 6077. What is the greatest common factor of r and y?
12
Let h = -19 + 20. Let z(s) = 6*s**2 + 2*s - 2. Let d be z(h). Suppose d = p + 1. Calculate the highest common factor of p and 1.
1
Let x(n) = 20*n**2 + n + 10*n + 3 - 5 - 9*n. Let p be x(-2). Calculate the greatest common divisor of 185 and p.
37
Let b be (0 - 1/3)*-918. What is the greatest common factor of b and 34?
34
Suppose -2*k = d + d - 46, 4*d - 3*k - 127 = 0. Let v be ((-8)/10)/(6/(-15)). Suppose -v*s = -140 - 0. Calculate the highest common factor of s and d.
14
Let g = 214 - 202. Calculate the greatest common factor of 102 and g.
6
Let r(l) = 16*l + 136. Let m be r(-8). Calculate the greatest common divisor of 432 and m.
8
Suppose -5*k + 3*t = 15, t + 2*t - 15 = 4*k. Suppose -f = 2*j - 0*f + 47, k = 2*f - 10. Let a = -16 - j. Calculate the highest common divisor of a and 30.
10
Let m(f) = -2*f**2 - 9*f - 10. Let g(v) = 5*v**2 + 26*v + 29. Let a(z) = -4*g(z) - 11*m(z). Let y be a(5). What is the greatest common factor of 133 and y?
19
Let s be ((-2)/(-3))/(4/18). Suppose -5*i = 3*h - 166, s*h = -i + 29 + 129. Calculate the greatest common divisor of 78 and h.
26
Suppose 5*l - 2*i + 72 = 0, 3*l - 5*i + 26 = -21. Let c be 481/(-111)*(l - 1). Calculate the highest common divisor of c and 130.
65
Let s = 25 + -7. Let b = s + -16. Calculate the greatest common factor of 18 and b.
2
Let h(x) = x**2 - 12*x + 11. Let k be h(10). Let s be (12/k)/(2/(-9)). Suppose 3 = w, -w + 27 = -2*o + s*o. Calculate the highest common divisor of o and 42.
6
Let v be 2/21 + 1490300/2940. What is the greatest common factor of v and 39?
39
Suppose 4*n - 3*d - 216 = 472, 2*d - 883 = -5*n. What is the greatest common divisor of n and 25?
25
Suppose 0*o + 2*b + 54 = 3*o, 115 = 5*o + 5*b. Let z = -9576 + 9636. Calculate the greatest common factor of z and o.
20
Let v = 110 + -60. Let s = -22 - -29. Suppose -2*m + s*m + 55 = 3*b, -4*b - 5*m = -15. Calculate the greatest common factor of v and b.
10
Let l = -17 + 25. Suppose l*i - 2*i = 12. What is the greatest common divisor of 2 and i?
2
Let o = -23 - -39. Let b be (-4)/(-2) + 633 - -5. Suppose -5*u - 2*j + 6*j + b = 0, 0 = 3*u + 5*j - 384. Calculate the highest common divisor of u and o.
16
Let l(m) = -m**2 - 2*m + 10. Let r be l(-4). Let x be r/(-7) - 108/(-42)*25. Calculate the greatest common divisor of 16 and x.
16
Suppose 5*u - 3*g - 257 + 17 = 0, 0 = u - 3*g - 60. Let q = -34 + u. What is the greatest common divisor of 88 and q?
11
Let l(n) = 26 + 72*n - 35*n + n**3 - 36*n. Let h be l(0). Calculate the greatest common factor of 13 and h.
13
Let d be 6*8/(-12)*(-21)/6. Suppose 4 = -5*z + d. What is the highest common factor of 34 and z?
2
Let m = 71 + -172. Let p = m + 122. What is the greatest common divisor of 14 and p?
7
Let n(a) = -13*a**3 + a. Let i be n(-1). Suppose 8*t + i*t = 220. Calculate the greatest common factor of 33 and t.
11
Let q be (-3)/(12/16) - -4. Suppose q = -4*t - 0 + 4. Suppose 2*a - 12 = -a. What is the highest common factor of t and a?
1
Let f be -1 + 10 - (-4)/(-2). Suppose 232 = 4*q - 4*j, 0 = -3*q - f*j + 3*j + 202. What is the greatest common factor of 93 and q?
31
Let u = 6 + -4. Suppose -f - u*f - 29 = -5*r, -f = r - 1. What is the greatest common divisor of 32 and r?
4
Suppose -4*l = -1537 + 445. Suppose -l + 84 = -u. What is the highest common factor of 21 and u?
21
Suppose 0 = 3*s - 3*a + 18, -2*s + 4*a = 1 + 9. Let f = 7 + s. Suppose f*p - 4*p + 76 = 0. Calculate the greatest common divisor of 209 and p.
19
Let z = -91 + 55. Let d = z - -40. Let c be (-22)/(-4) - (-2)/4. Calculate the greatest common factor of d and c.
2
Let d(m) = 8*m**2 - 1. Let f be d(1). Suppose 8 = 4*a, 4*j + 2*a + 74 = f*a. Let v = -1 - j. Calculate the greatest common divisor of 30 and v.
15
Let y = -4267 - -4297. Let z be (-315)/10*(-20)/3. What is the greatest common factor of z and y?
30
Suppose 1064 = 10*l - 376. What is the highest common factor of 16 and l?
16
Let t be 0/(25/(-5)) - -273. What is the highest common divisor of t and 42?
21
Suppose 0 = -2*f - 4, 92 = 4*a + 18*f - 16*f. Let v be (-2)/8 - 1734/(-24). What is the greatest common divisor of v and a?
24
Suppose -483 = -13*d - 379. Let y = -24 - -36. Calculate the highest common factor of y and d.
4
Suppose 0 = -5*z - d + 64, -26*z + 23*z = -5*d - 44. Calculate the highest common divisor of 13 and z.
13
Suppose -14 = 24*h - 25*h. Let w be 54/4*h/7. What is the highest common factor of w and 9?
9
Let m = 35 + -39. Let p(s) = s**3 + 4*s**2 - 3*s - 2. Let g be p(m). Suppose 0 = 3*x - 12, 3*x - 82 = -b. What is the highest common factor of g and b?
10
Suppose 16*w = 46 + 338. Let y(b) = -b + 8. Let l be y(6). Suppose l*j = 2*g + 4, -3*g = 4*j - 2*g - 13. What is the greatest common divisor of j and w?
3
Suppose 15*g - 768 = -g. Calculate the greatest common factor of g and 324.
12
Suppose 0 = 19*n - 11256 - 6927. Calculate the greatest common factor of 261 and n.
87
Let m = 32 + -29. Suppose -g + 2*o = -13, -m*g - 3*o = g - 52. Let p(f) = -3*f - 5. Let a be p(-6). Calculate the greatest common factor of g and a.
13
Let b(u) = u**3 + 4*u**2 - 2*u + 4. Let i be 4/1 + -1 - 7. Let k be b(i). Let o = -90 + 150. Calculate the greatest common divisor of o and k.
12
Let c(u) = -23*u - 232. Let n be c(-12). Calculate the greatest common factor of n and 946.
22
Let g(m) = m**3 + 53*m**2 - 123*m + 89. Let q be g(-55). Calculate the greatest common divisor of 12 and q.
12
Suppose 4*q + u - 390 = 4*u, -2*q + 196 = -u. Let g = -2 + 12. Suppose -8 - g = -2*j. What is the highest common divisor of j and q?
9
Suppose 0 = -5*m - 107 + 307. Let z(b) be the second derivative of 2*b**3/3 - 7*b**2 - 8*b. Let w be z(6). What is the highest common factor of m and w?
10
Let n be 0/(-5 + 8) + 234. What is the greatest common factor of 162 and n?
18
Let m = 17 + -14. Suppose q - m = 8. What is the highest common divisor of 99 and q?
11
Suppose 5*m - 41 = 2*x + 199, 3*x = 5*m - 240. Suppose a - 7 - 5 = 0. Calculate the hi